**2 - 41*h - 10. Calculate the remainder when v is divided by s(-20).
7
Let b(k) = -k**3 + 7*k**2 - 3*k + 63. Calculate the remainder when 963 is divided by b(7).
39
Suppose -t = k - 49, -10*t + 14*t + 122 = 2*k. Calculate the remainder when 206 is divided by k.
47
Suppose 0 = 2*k + k - 15. Let f be (-2876)/(-18) + (-1 - (-66)/54). Let g = 189 - f. What is the remainder when g is divided by k?
4
Let p = -1 - -31. Suppose 0 = -5*n + 525 - p. What is the remainder when n is divided by 20?
19
Let d = -23 - -28. Calculate the remainder when 3/((-9)/2)*27/(-2) is divided by d.
4
Suppose 297 = -6*k + 375. Calculate the remainder when 465 is divided by k.
10
Let g be (-20)/8*(-24)/(-20). Calculate the remainder when 64 is divided by (-5 + 0 - g)*(-20 - -3).
30
Let l = 1 - -1. Let f(t) = 12*t - 5. Calculate the remainder when 75 is divided by f(l).
18
Let j(c) = 5*c + 11 + 4*c - 5*c + 3*c. Calculate the remainder when j(3) is divided by 17.
15
Let f(c) = -c. Let h be f(0). Suppose -8 + h = -4*g. Calculate the remainder when 70 is divided by g*(-1)/2 + 19.
16
Suppose -5792 = -14*b + 3574. What is the remainder when b is divided by 42?
39
Let z = 109 - 6. Let x = -1 + 14. What is the remainder when z is divided by x?
12
Let l be (-28)/(-5) - 4/(-10). Let n = 25 - l. Calculate the remainder when n is divided by 10.
9
Let s(u) = 40*u - 163. What is the remainder when 47 is divided by s(5)?
10
Let l = 101 + -60. Suppose -3*h = -3*d - 2*h + 74, 0 = 2*d + h - l. Calculate the remainder when d is divided by 15.
8
Suppose -5*u = -6 - 4. Suppose z = -5*j, 0 = 2*j + 3*z - u*z. Suppose j = 3*f - 31 - 38. Calculate the remainder when 44 is divided by f.
21
Let f(a) = -a**3 - 2*a**2 + 12*a + 5. Let z(n) = 2*n - 4. Let g be z(-1). Let c(m) = m**2 - 5*m - 4. What is the remainder when f(g) is divided by c(-3)?
17
Let k = -1667 - -1743. Calculate the remainder when 376 is divided by k.
72
Let w(o) = -3*o + 90. What is the remainder when 97 is divided by w(12)?
43
Let g(k) = -2*k**2 - 25*k + 23. Let h(n) = n**2 + 13*n - 12. Let i(s) = 6*g(s) + 11*h(s). Calculate the remainder when i(-7) is divided by 2 + 1 + 1 + 0.
2
Let n = 39 + -43. What is the remainder when 39 is divided by ((-3)/n)/(505/100 - 5)?
9
Let x(d) = -d**2 - 6*d + 11. Let p be x(17). Calculate the remainder when (-10)/(-4)*p/(-25) is divided by 10.
8
Let v = -3 + 3. Suppose 3*p + 4 - 31 = v. What is the remainder when p is divided by 2?
1
Calculate the remainder when 120 is divided by ((-1180)/18)/(-2) - 4/(-18).
21
What is the remainder when (6/15)/(2 - (-539)/(-270)) is divided by 63?
45
Suppose -5*i + 3*u = -330, 2*i = 13*u - 11*u + 128. Let l = -4 - -18. What is the remainder when i is divided by l?
13
Let r(p) = 4*p + 6. Suppose -4*n + n = -21. Let d = 13 - n. What is the remainder when r(d) is divided by 16?
14
Let q(g) = 27*g - 3 - 1 + 7. Let l be q(-2). Let d = -20 - l. Calculate the remainder when d is divided by 17.
14
Suppose 3*i - 7 = i + l, -10 = -4*i - 2*l. Let w = 13 + i. Calculate the remainder when w is divided by 4.
0
Let z(l) = -4*l + 5. Calculate the remainder when z(-7) is divided by (74/(-44) - (-26)/143)*-8.
9
Suppose -3*l + 20 = -31. Let g be 3 - (-1 - -4 - l). Suppose 0 = -3*t - c + 159, 4*c - g = -5. What is the remainder when t is divided by 18?
16
Suppose 3*i - 3*h + 17 = 7*i, 0 = 4*i - 5*h - 57. Suppose g + i = 18. Suppose 5*m - g = u + 20, -5*u + 53 = 4*m. What is the remainder when m is divided by 2?
1
Let i be 4*15*(-2)/(-4). Let m = 2 + i. Let j(v) = 6*v**2 + 74*v + 237. What is the remainder when m is divided by j(-6)?
5
Suppose a + 5*r = 3, -4*a - 3*r + 57 = 2*r. Let w(c) = 17*c + 1. Suppose -9 = i - 4*i. What is the remainder when w(i) is divided by a?
16
Suppose -2 + 41 = i - 5*p, 4*i - 5*p - 111 = 0. Suppose 4*y - y - 12 = 0. Suppose -y = -5*k + 61. Calculate the remainder when i is divided by k.
11
Suppose -4*r = -4*x + 200, 0 = -2*x - 2*r + 70 + 10. Suppose -2*s = -7*s, -5*g + 2*s + x = 0. Calculate the remainder when g is divided by 3.
0
Suppose -2*t - t - 42 = 0. Let w = t - -28. Suppose 4*q + 104 = 4*y, 3*y - 3 - 75 = -5*q. What is the remainder when y is divided by w?
12
Let v be (-20)/(-2)*16/32. Suppose -4*b = -3*u - 2*b + 52, -2*u + 20 = -v*b. What is the remainder when 38 is divided by u?
18
Suppose y + 496 = -19*v + 20*v, 1970 = 4*v + 3*y. Calculate the remainder when v is divided by 20.
14
Suppose -3*w = 3*d, -5*w + 22 + 6 = -2*d. Suppose -2*p = -3*p - 5*z - 7, -w*p + 22 = -5*z. Calculate the remainder when ((-18)/4)/(p/(-36)) is divided by 19.
16
Let x be (-10)/(-5) + -2 - -182. Suppose -2*m - n + 79 = -6*n, 5*m = -3*n + x. Calculate the remainder when 73 is divided by m.
36
Let f be 1 + (-4*2 - -1). Let q = 2 - f. Suppose 10 = 2*y - 48. Calculate the remainder when y is divided by q.
5
Let p = 91 - 6. Calculate the remainder when p is divided by 15.
10
Suppose 5*g + 20 = 0, -2*a - 2*a = g - 124. Calculate the remainder when 125 is divided by a.
29
Suppose 6 - 181 = -7*s. What is the remainder when s is divided by 7?
4
Let c(q) = 11*q - 16. Let i(u) = 5*u - 29. Calculate the remainder when c(5) is divided by i(10).
18
Let f(j) = -j**3 - 5*j**2 + 93*j + 559. Suppose -4*q + 4 = -36. Calculate the remainder when f(-6) is divided by q.
7
Let x be 2/13 - 600/(-156). Suppose 2*f + l = 4*l, 4*l + 8 = x*f. Let k(v) = -v**3 + 5*v**2 + 7*v + 8. Calculate the remainder when k(f) is divided by 5.
4
Let p = -19 + 85. Suppose -2*d = 2*t + 2*d - p, 0 = -t + 3*d + 48. Calculate the remainder when t is divided by 14.
11
Calculate the remainder when (-4)/(5 + -4) + 182 is divided by 45.
43
Let j(b) = -2*b + 10. Let n be j(4). Suppose 5*s - n*s = 57. Let a = s + -15. What is the remainder when 10 is divided by a?
2
Let w(v) = 3*v**2 + 37. Calculate the remainder when 176 is divided by w(0).
28
Let g = -34 - -35. Let v = g - -15. Calculate the remainder when v is divided by 9.
7
Let d = 2 - -1. Suppose -5*r = 2*a - 35, -a - 2 = d. Suppose -q + 12 + 3 = 0. What is the remainder when q is divided by r?
6
Suppose 13 = h + 3. Let o be (h - 6) + -2*1. Calculate the remainder when 48 is divided by (-1)/(o/34*-1).
14
Let k = 165 + -138. Calculate the remainder when 107 is divided by k.
26
Let d be ((-3)/21 - 19/(-7))*-7. Calculate the remainder when d/24 - (-315)/4 is divided by 16.
14
Suppose -4 = 4*i - 20. Suppose -3*n + 3*r + 105 = 0, 3*r = -i*n - 2*r + 131. What is the remainder when 134 is divided by n?
32
Let h(r) = -2*r**2 + 11*r - 2. What is the remainder when 48 is divided by h(3)?
9
Let b = 8 - 6. Let s = -1 + b. What is the remainder when (23 - s) + 2 + -1 is divided by 8?
7
Let z(c) = -c**2 - 26*c - 44. Let n(t) = t**3 - t**2 + t + 25. What is the remainder when n(0) is divided by z(-24)?
1
Suppose 387 = 2*r - 111. Let k = -793 + 796. Suppose 0*b + 2*b = -k*q + 167, 4*b = 5*q - r. What is the remainder when q is divided by 14?
11
Let v(q) = -2*q + 3. Let x be v(3). Let t = -1 - x. Suppose -5*s - 4*u + 111 = 0, t*s + 5*u = -0*u + 58. Calculate the remainder when 75 is divided by s.
18
Suppose 0 = 2*d - 2*p - 1000, -4*p + 2*p + 4 = 0. Calculate the remainder when d is divided by 6.
4
Suppose 0 = -4*o + 33 + 31. Suppose -5*r + 3*i + 85 = -0*i, -3*r + i = -47. What is the remainder when o is divided by r?
2
Let g = 725 - 692. What is the remainder when 90 is divided by g?
24
Suppose 0 = -2*a + b + 33, -5*a + 2*b = -0*a - 82. Suppose -2*z + 7 = 2*g + 35, 5*g + a = z. What is the remainder when 38 is divided by 5 + 1/(-1) - z?
12
Suppose -148 = -4*p - 2*z, 5*p - 177 = 4*z - 18. Let j(q) = -9*q + 1. Let g be j(1). Calculate the remainder when p is divided by 810/42 - g/(-28).
16
Let p = 881 + -863. What is the remainder when 263 is divided by p?
11
Suppose -y = 4*u - 655, -y - 2*u + 1304 = y. Suppose -12*s + y = 171. What is the remainder when s is divided by 7?
5
Suppose 117*k = 160*k - 559. What is the remainder when (-4)/14 + 690/14 is divided by k?
10
Let d(i) = 14*i**3 + 2*i**2 - 2*i + 1. Let a = 1493 + -1468. What is the remainder when a is divided by d(1)?
10
Let b(c) = -3*c**2 + c + 62. Let g be b(0). Suppose -3*m - 4*u = -248, g = m + 3*u - 29. Calculate the remainder when m is divided by 27.
22
Let c(h) = 9*h**2 + 11*h - 2. Calculate the remainder when 117 is di